{"id":248,"date":"2023-09-12T23:19:22","date_gmt":"2023-09-12T21:19:22","guid":{"rendered":"https:\/\/marinewallon.fr\/?page_id=248"},"modified":"2026-03-17T09:55:22","modified_gmt":"2026-03-17T08:55:22","slug":"text-2017-theo-mario-coppola","status":"publish","type":"page","link":"https:\/\/marinewallon.fr\/?page_id=248","title":{"rendered":"Text 2017, Th\u00e9o-Mario Coppola"},"content":{"rendered":"\n<h1 class=\"wp-block-heading\" style=\"font-size:28px\">Critical texts<\/h1>\n\n\n<style>.wp-block-kadence-spacer.kt-block-spacer-248_ebd22a-2d .kt-block-spacer{height:10px;}.wp-block-kadence-spacer.kt-block-spacer-248_ebd22a-2d .kt-divider{border-top-width:1px;height:1px;border-top-color:var(--global-palette1, #3182CE);width:80%;border-top-style:solid;}<\/style>\n<div class=\"wp-block-kadence-spacer aligncenter kt-block-spacer-248_ebd22a-2d\"><div class=\"kt-block-spacer kt-block-spacer-halign-center\"><hr class=\"kt-divider\"\/><\/div><\/div>\n\n\n\n<div class=\"wp-block-columns is-layout-flex wp-container-core-columns-is-layout-1 wp-block-columns-is-layout-flex\">\n<div class=\"wp-block-column is-layout-flow wp-block-column-is-layout-flow\" style=\"flex-basis:38%\">\n<p><code>2026<\/code><br>\u00b7 <a href=\"https:\/\/marinewallon.fr\/?page_id=2381\/#go23\">Paul Ardenne<\/a><br><br><code>2025<\/code><br>\u00b7 <a href=\"https:\/\/marinewallon.fr\/?page_id=2181\/#go21\">Thomas Delamarre<\/a><br><br><code>2024<\/code><br>\u00b7 <a href=\"https:\/\/marinewallon.fr\/?page_id=1768\/#go0\">Dominique Pa\u00efni<\/a><br>\u00b7 <a href=\"https:\/\/marinewallon.fr\/?page_id=1773\/#go1\">Elsa Hougue<\/a><br><br><code>2023<\/code><br>\u00b7 <a href=\"https:\/\/marinewallon.fr\/?page_id=1388\/#go19\">Estelle Marois<\/a><br>\u00b7 <a href=\"https:\/\/marinewallon.fr\/?page_id=146\/#go18\">Didier Semin<\/a><br>\u00b7 <a data-type=\"page\" data-id=\"1643\" href=\"https:\/\/marinewallon.fr\/?page_id=1643\/#go20\">Marie Maertens<\/a><br>\u00b7 <a href=\"https:\/\/marinewallon.fr\/?page_id=197\/#go16\">Marie de Brugerolle &amp; Anne Dary<\/a><\/p>\n\n\n\n<p><code>2022<\/code><br>\u00b7 <a href=\"https:\/\/marinewallon.fr\/?page_id=187\/#go17\">Guy Boyer<\/a><br>\u00b7 <a href=\"https:\/\/marinewallon.fr\/?page_id=215\/#go15\">Benoit Blanchard &amp; Sarah Mercadante<\/a><br><br><code>2021<\/code><br>\u00b7 <a data-type=\"page\" data-id=\"230\" href=\"https:\/\/marinewallon.fr\/?page_id=230\/#go14\">Jo\u00ebl Riff<\/a><br>\u00b7 <a data-type=\"page\" data-id=\"232\" href=\"https:\/\/marinewallon.fr\/?page_id=232\/#go13\">Conversation<br><mark style=\"background-color:rgba(0, 0, 0, 0)\" class=\"has-inline-color has-theme-palette-1-color\">\u2014  <\/mark> Jennifer Douzenel \u2014 M. Wallon<\/a><br>\u00b7 <a data-type=\"page\" data-id=\"234\" href=\"https:\/\/marinewallon.fr\/?page_id=234\/#go12\">Horya Makhlouf<\/a><br><br><code>2020<\/code><br>\u00b7 <a data-type=\"page\" data-id=\"236\" href=\"https:\/\/marinewallon.fr\/?page_id=236\/#go11\">Lignes Br\u00e8ves<\/a><br><br><code>2019<\/code><br>\u00b7 <a data-type=\"page\" data-id=\"238\" href=\"https:\/\/marinewallon.fr\/?page_id=238\/#go10\">Jo\u00ebl Riff<\/a><br>\u00b7 <a data-type=\"page\" data-id=\"240\" href=\"https:\/\/marinewallon.fr\/?page_id=240\/#go9\">Entretien avec Karin Schlageter<\/a><br><br><code>2018&nbsp;<\/code><br>\u00b7 <a data-type=\"page\" data-id=\"242\" href=\"https:\/\/marinewallon.fr\/?page_id=242\/#go8\">Sarah Ilher-Meyer<\/a><br>\u00b7 <a data-type=\"page\" data-id=\"244\" href=\"https:\/\/marinewallon.fr\/?page_id=244\/#go7\">Entretien avec Point Contemporain<\/a><br><br><code>2017<\/code><br>\u00b7 <a data-type=\"page\" data-id=\"246\" href=\"https:\/\/marinewallon.fr\/?page_id=246\/#go6\">Anne Collongues<\/a><br><strong><strong><strong><strong>\u2192<\/strong><\/strong> <\/strong>Th\u00e9o-Mario Coppola<\/strong><br><br><code>2015<\/code><br>\u00b7 <a data-type=\"page\" data-id=\"250\" href=\"https:\/\/marinewallon.fr\/?page_id=250\/#go4\">Marianne Derrien,<br><mark style=\"background-color:rgba(0, 0, 0, 0)\" class=\"has-inline-color has-theme-palette-1-color\">\u2014  <\/mark><em>Le mirage des images<\/em><\/a><br><br><code>2014<\/code><br>\u00b7 <a data-type=\"page\" data-id=\"252\" href=\"https:\/\/marinewallon.fr\/?page_id=252\/#go3\">Marion Delage de Luget,<br><mark style=\"background-color:rgba(0, 0, 0, 0)\" class=\"has-inline-color has-theme-palette-1-color\">\u2014  <\/mark><em>L&rsquo;horizontalit\u00e9 \u00e0 l\u2019\u0153uvre<\/em><\/a><br><br><code>2013&nbsp;<\/code><br>\u00b7 <a data-type=\"page\" data-id=\"254\" href=\"https:\/\/marinewallon.fr\/?page_id=254\/#go2\">Marianne Derrien,<br><mark style=\"background-color:rgba(0, 0, 0, 0)\" class=\"has-inline-color has-theme-palette-1-color\">\u2014  <\/mark><em>Saxifraga Umbrosa<\/em><\/a><br><br><code>2011<\/code><br>\u00b7 <a href=\"https:\/\/marinewallon.fr\/?page_id=256\/#go1b\">Anne Collongues<\/a><\/p>\n<\/div>\n\n\n\n<div class=\"wp-block-column is-layout-flow wp-block-column-is-layout-flow\" style=\"flex-basis:64%\">\n<h2 class=\"wp-block-heading\" id=\"go5\"><\/h2>\n\n\n<style>.wp-block-kadence-spacer.kt-block-spacer-248_1ba62e-74 .kt-block-spacer{height:14px;}.wp-block-kadence-spacer.kt-block-spacer-248_1ba62e-74 .kt-divider{border-top-width:1px;height:1px;border-top-color:var(--global-palette3, #1A202C);width:100%;border-top-style:solid;}<\/style>\n<div class=\"wp-block-kadence-spacer aligncenter kt-block-spacer-248_1ba62e-74\"><div class=\"kt-block-spacer kt-block-spacer-halign-center\"><hr class=\"kt-divider\"\/><\/div><\/div>\n\n\n\n<p class=\"has-small-font-size\"><strong>Cet espace sans ombre&nbsp;<\/strong><br><br>[&#8230;] Dans son protocole de cr\u00e9ation, Marine Wallon intercepte une image dans un flux vid\u00e9o, document servant \u00e0 la construction de sa peinture. Elle saisit ainsi le moment le plus juste, o\u00f9 les personnages de dos ou repr\u00e9sent\u00e9s en profil fuyant sont d\u00e9poss\u00e9d\u00e9s de l\u2019action principale. L\u2019ombre \u00e9tendue du club d\u2019un golfeur est m\u00eal\u00e9 \u00e0 la lumi\u00e8re estivale. Ils semblent exister \u00e0 la marge de leur propre histoire, dans un flottement. Ces songes du r\u00e9el voient se m\u00ealer en m\u00eame temps la dext\u00e9rit\u00e9 et le l\u00e2ch\u00e9 prise d\u2019une touche picturale complexe o\u00f9 les passages du pinceau sont signifi\u00e9s par les traces [&#8230;].<\/p>\n\n\n\n<p class=\"has-text-align-right has-small-font-size\"><br>Th\u00e9o-Mario Coppola&nbsp;<\/p>\n<\/div>\n<\/div>\n","protected":false},"excerpt":{"rendered":"<p>Critical texts 2026\u00b7 Paul Ardenne 2025\u00b7 Thomas Delamarre 2024\u00b7 Dominique Pa\u00efni\u00b7 Elsa Hougue 2023\u00b7 Estelle Marois\u00b7 Didier Semin\u00b7 Marie Maertens\u00b7 Marie de Brugerolle &amp; Anne Dary 2022\u00b7 Guy Boyer\u00b7 Benoit Blanchard &amp; Sarah Mercadante 2021\u00b7 Jo\u00ebl Riff\u00b7 Conversation\u2014 Jennifer Douzenel \u2014 M. Wallon\u00b7 Horya Makhlouf 2020\u00b7 Lignes Br\u00e8ves 2019\u00b7 Jo\u00ebl Riff\u00b7 Entretien avec Karin Schlageter&#8230;<\/p>\n","protected":false},"author":1,"featured_media":0,"parent":0,"menu_order":0,"comment_status":"closed","ping_status":"closed","template":"","meta":{"_kad_post_transparent":"","_kad_post_title":"","_kad_post_layout":"","_kad_post_sidebar_id":"","_kad_post_content_style":"","_kad_post_vertical_padding":"","_kad_post_feature":"","_kad_post_feature_position":"","_kad_post_header":false,"_kad_post_footer":false,"footnotes":""},"yoast_head":"<!-- This site is optimized with the Yoast SEO plugin v21.6 - https:\/\/yoast.com\/wordpress\/plugins\/seo\/ -->\n<title>Text 2017, Th\u00e9o-Mario Coppola - MARINE WALLON<\/title>\n<meta name=\"robots\" content=\"index, follow, max-snippet:-1, max-image-preview:large, max-video-preview:-1\" \/>\n<link rel=\"canonical\" href=\"https:\/\/marinewallon.fr\/?page_id=248\" \/>\n<meta property=\"og:locale\" content=\"fr_FR\" \/>\n<meta property=\"og:type\" content=\"article\" \/>\n<meta property=\"og:title\" content=\"Text 2017, Th\u00e9o-Mario Coppola - MARINE WALLON\" \/>\n<meta property=\"og:description\" content=\"Critical texts 2026\u00b7 Paul Ardenne 2025\u00b7 Thomas Delamarre 2024\u00b7 Dominique Pa\u00efni\u00b7 Elsa Hougue 2023\u00b7 Estelle Marois\u00b7 Didier Semin\u00b7 Marie Maertens\u00b7 Marie de Brugerolle &amp; Anne Dary 2022\u00b7 Guy Boyer\u00b7 Benoit Blanchard &amp; Sarah Mercadante 2021\u00b7 Jo\u00ebl Riff\u00b7 Conversation\u2014 Jennifer Douzenel \u2014 M. Wallon\u00b7 Horya Makhlouf 2020\u00b7 Lignes Br\u00e8ves 2019\u00b7 Jo\u00ebl Riff\u00b7 Entretien avec Karin Schlageter...\" \/>\n<meta property=\"og:url\" content=\"https:\/\/marinewallon.fr\/?page_id=248\" \/>\n<meta property=\"og:site_name\" content=\"MARINE WALLON\" \/>\n<meta property=\"article:modified_time\" content=\"2026-03-17T08:55:22+00:00\" \/>\n<meta name=\"twitter:card\" content=\"summary_large_image\" \/>\n<script type=\"application\/ld+json\" class=\"yoast-schema-graph\">{\"@context\":\"https:\/\/schema.org\",\"@graph\":[{\"@type\":\"WebPage\",\"@id\":\"https:\/\/marinewallon.fr\/?page_id=248\",\"url\":\"https:\/\/marinewallon.fr\/?page_id=248\",\"name\":\"Text 2017, Th\u00e9o-Mario Coppola - MARINE WALLON\",\"isPartOf\":{\"@id\":\"https:\/\/marinewallon.fr\/#website\"},\"datePublished\":\"2023-09-12T21:19:22+00:00\",\"dateModified\":\"2026-03-17T08:55:22+00:00\",\"breadcrumb\":{\"@id\":\"https:\/\/marinewallon.fr\/?page_id=248#breadcrumb\"},\"inLanguage\":\"fr-FR\",\"potentialAction\":[{\"@type\":\"ReadAction\",\"target\":[\"https:\/\/marinewallon.fr\/?page_id=248\"]}]},{\"@type\":\"BreadcrumbList\",\"@id\":\"https:\/\/marinewallon.fr\/?page_id=248#breadcrumb\",\"itemListElement\":[{\"@type\":\"ListItem\",\"position\":1,\"name\":\"Accueil\",\"item\":\"https:\/\/marinewallon.fr\/\"},{\"@type\":\"ListItem\",\"position\":2,\"name\":\"Text 2017, Th\u00e9o-Mario Coppola\"}]},{\"@type\":\"WebSite\",\"@id\":\"https:\/\/marinewallon.fr\/#website\",\"url\":\"https:\/\/marinewallon.fr\/\",\"name\":\"MARINE WALLON\",\"description\":\"\",\"alternateName\":\"marinewallon\",\"potentialAction\":[{\"@type\":\"SearchAction\",\"target\":{\"@type\":\"EntryPoint\",\"urlTemplate\":\"https:\/\/marinewallon.fr\/?s={search_term_string}\"},\"query-input\":\"required name=search_term_string\"}],\"inLanguage\":\"fr-FR\"}]}<\/script>\n<!-- \/ Yoast SEO plugin. -->","yoast_head_json":{"title":"Text 2017, Th\u00e9o-Mario Coppola - MARINE WALLON","robots":{"index":"index","follow":"follow","max-snippet":"max-snippet:-1","max-image-preview":"max-image-preview:large","max-video-preview":"max-video-preview:-1"},"canonical":"https:\/\/marinewallon.fr\/?page_id=248","og_locale":"fr_FR","og_type":"article","og_title":"Text 2017, Th\u00e9o-Mario Coppola - MARINE WALLON","og_description":"Critical texts 2026\u00b7 Paul Ardenne 2025\u00b7 Thomas Delamarre 2024\u00b7 Dominique Pa\u00efni\u00b7 Elsa Hougue 2023\u00b7 Estelle Marois\u00b7 Didier Semin\u00b7 Marie Maertens\u00b7 Marie de Brugerolle &amp; Anne Dary 2022\u00b7 Guy Boyer\u00b7 Benoit Blanchard &amp; Sarah Mercadante 2021\u00b7 Jo\u00ebl Riff\u00b7 Conversation\u2014 Jennifer Douzenel \u2014 M. Wallon\u00b7 Horya Makhlouf 2020\u00b7 Lignes Br\u00e8ves 2019\u00b7 Jo\u00ebl Riff\u00b7 Entretien avec Karin Schlageter...","og_url":"https:\/\/marinewallon.fr\/?page_id=248","og_site_name":"MARINE WALLON","article_modified_time":"2026-03-17T08:55:22+00:00","twitter_card":"summary_large_image","schema":{"@context":"https:\/\/schema.org","@graph":[{"@type":"WebPage","@id":"https:\/\/marinewallon.fr\/?page_id=248","url":"https:\/\/marinewallon.fr\/?page_id=248","name":"Text 2017, Th\u00e9o-Mario Coppola - MARINE WALLON","isPartOf":{"@id":"https:\/\/marinewallon.fr\/#website"},"datePublished":"2023-09-12T21:19:22+00:00","dateModified":"2026-03-17T08:55:22+00:00","breadcrumb":{"@id":"https:\/\/marinewallon.fr\/?page_id=248#breadcrumb"},"inLanguage":"fr-FR","potentialAction":[{"@type":"ReadAction","target":["https:\/\/marinewallon.fr\/?page_id=248"]}]},{"@type":"BreadcrumbList","@id":"https:\/\/marinewallon.fr\/?page_id=248#breadcrumb","itemListElement":[{"@type":"ListItem","position":1,"name":"Accueil","item":"https:\/\/marinewallon.fr\/"},{"@type":"ListItem","position":2,"name":"Text 2017, Th\u00e9o-Mario Coppola"}]},{"@type":"WebSite","@id":"https:\/\/marinewallon.fr\/#website","url":"https:\/\/marinewallon.fr\/","name":"MARINE WALLON","description":"","alternateName":"marinewallon","potentialAction":[{"@type":"SearchAction","target":{"@type":"EntryPoint","urlTemplate":"https:\/\/marinewallon.fr\/?s={search_term_string}"},"query-input":"required name=search_term_string"}],"inLanguage":"fr-FR"}]}},"_links":{"self":[{"href":"https:\/\/marinewallon.fr\/index.php?rest_route=\/wp\/v2\/pages\/248"}],"collection":[{"href":"https:\/\/marinewallon.fr\/index.php?rest_route=\/wp\/v2\/pages"}],"about":[{"href":"https:\/\/marinewallon.fr\/index.php?rest_route=\/wp\/v2\/types\/page"}],"author":[{"embeddable":true,"href":"https:\/\/marinewallon.fr\/index.php?rest_route=\/wp\/v2\/users\/1"}],"replies":[{"embeddable":true,"href":"https:\/\/marinewallon.fr\/index.php?rest_route=%2Fwp%2Fv2%2Fcomments&post=248"}],"version-history":[{"count":30,"href":"https:\/\/marinewallon.fr\/index.php?rest_route=\/wp\/v2\/pages\/248\/revisions"}],"predecessor-version":[{"id":2411,"href":"https:\/\/marinewallon.fr\/index.php?rest_route=\/wp\/v2\/pages\/248\/revisions\/2411"}],"wp:attachment":[{"href":"https:\/\/marinewallon.fr\/index.php?rest_route=%2Fwp%2Fv2%2Fmedia&parent=248"}],"curies":[{"name":"wp","href":"https:\/\/api.w.org\/{rel}","templated":true}]}}

Text 2017, Théo-Mario Coppola

<h1 class="wp-block-heading" style="font-size:28px">Critical texts</h1>


<style>.wp-block-kadence-spacer.kt-block-spacer-248_ebd22a-2d .kt-block-spacer{height:10px;}.wp-block-kadence-spacer.kt-block-spacer-248_ebd22a-2d .kt-divider{border-top-width:1px;height:1px;border-top-color:var(--global-palette1, #3182CE);width:80%;border-top-style:solid;}</style>
<div class="wp-block-kadence-spacer aligncenter kt-block-spacer-248_ebd22a-2d"><div class="kt-block-spacer kt-block-spacer-halign-center"><hr class="kt-divider"/></div></div>



<div class="wp-block-columns is-layout-flex wp-container-core-columns-is-layout-1 wp-block-columns-is-layout-flex">
<div class="wp-block-column is-layout-flow wp-block-column-is-layout-flow" style="flex-basis:38%">
<p><code>2026</code><br>· <a href="https://marinewallon.fr/?page_id=2381/#go23">Paul Ardenne</a><br><br><code>2025</code><br>· <a href="https://marinewallon.fr/?page_id=2181/#go21">Thomas Delamarre</a><br><br><code>2024</code><br>· <a href="https://marinewallon.fr/?page_id=1768/#go0">Dominique Païni</a><br>· <a href="https://marinewallon.fr/?page_id=1773/#go1">Elsa Hougue</a><br><br><code>2023</code><br>· <a href="https://marinewallon.fr/?page_id=1388/#go19">Estelle Marois</a><br>· <a href="https://marinewallon.fr/?page_id=146/#go18">Didier Semin</a><br>· <a data-type="page" data-id="1643" href="https://marinewallon.fr/?page_id=1643/#go20">Marie Maertens</a><br>· <a href="https://marinewallon.fr/?page_id=197/#go16">Marie de Brugerolle &amp; Anne Dary</a></p>



<p><code>2022</code><br>· <a href="https://marinewallon.fr/?page_id=187/#go17">Guy Boyer</a><br>· <a href="https://marinewallon.fr/?page_id=215/#go15">Benoit Blanchard &amp; Sarah Mercadante</a><br><br><code>2021</code><br>· <a data-type="page" data-id="230" href="https://marinewallon.fr/?page_id=230/#go14">Joël Riff</a><br>· <a data-type="page" data-id="232" href="https://marinewallon.fr/?page_id=232/#go13">Conversation<br><mark style="background-color:rgba(0, 0, 0, 0)" class="has-inline-color has-theme-palette-1-color">—  </mark> Jennifer Douzenel — M. Wallon</a><br>· <a data-type="page" data-id="234" href="https://marinewallon.fr/?page_id=234/#go12">Horya Makhlouf</a><br><br><code>2020</code><br>· <a data-type="page" data-id="236" href="https://marinewallon.fr/?page_id=236/#go11">Lignes Brèves</a><br><br><code>2019</code><br>· <a data-type="page" data-id="238" href="https://marinewallon.fr/?page_id=238/#go10">Joël Riff</a><br>· <a data-type="page" data-id="240" href="https://marinewallon.fr/?page_id=240/#go9">Entretien avec Karin Schlageter</a><br><br><code>2018&nbsp;</code><br>· <a data-type="page" data-id="242" href="https://marinewallon.fr/?page_id=242/#go8">Sarah Ilher-Meyer</a><br>· <a data-type="page" data-id="244" href="https://marinewallon.fr/?page_id=244/#go7">Entretien avec Point Contemporain</a><br><br><code>2017</code><br>· <a data-type="page" data-id="246" href="https://marinewallon.fr/?page_id=246/#go6">Anne Collongues</a><br><strong><strong><strong><strong>→</strong></strong> </strong>Théo-Mario Coppola</strong><br><br><code>2015</code><br>· <a data-type="page" data-id="250" href="https://marinewallon.fr/?page_id=250/#go4">Marianne Derrien,<br><mark style="background-color:rgba(0, 0, 0, 0)" class="has-inline-color has-theme-palette-1-color">—  </mark><em>Le mirage des images</em></a><br><br><code>2014</code><br>· <a data-type="page" data-id="252" href="https://marinewallon.fr/?page_id=252/#go3">Marion Delage de Luget,<br><mark style="background-color:rgba(0, 0, 0, 0)" class="has-inline-color has-theme-palette-1-color">—  </mark><em>L&rsquo;horizontalité à l’œuvre</em></a><br><br><code>2013&nbsp;</code><br>· <a data-type="page" data-id="254" href="https://marinewallon.fr/?page_id=254/#go2">Marianne Derrien,<br><mark style="background-color:rgba(0, 0, 0, 0)" class="has-inline-color has-theme-palette-1-color">—  </mark><em>Saxifraga Umbrosa</em></a><br><br><code>2011</code><br>· <a href="https://marinewallon.fr/?page_id=256/#go1b">Anne Collongues</a></p>
</div>



<div class="wp-block-column is-layout-flow wp-block-column-is-layout-flow" style="flex-basis:64%">
<h2 class="wp-block-heading" id="go5"></h2>


<style>.wp-block-kadence-spacer.kt-block-spacer-248_1ba62e-74 .kt-block-spacer{height:14px;}.wp-block-kadence-spacer.kt-block-spacer-248_1ba62e-74 .kt-divider{border-top-width:1px;height:1px;border-top-color:var(--global-palette3, #1A202C);width:100%;border-top-style:solid;}</style>
<div class="wp-block-kadence-spacer aligncenter kt-block-spacer-248_1ba62e-74"><div class="kt-block-spacer kt-block-spacer-halign-center"><hr class="kt-divider"/></div></div>



<p class="has-small-font-size"><strong>Cet espace sans ombre&nbsp;</strong><br><br>[&#8230;] Dans son protocole de création, Marine Wallon intercepte une image dans un flux vidéo, document servant à la construction de sa peinture. Elle saisit ainsi le moment le plus juste, où les personnages de dos ou représentés en profil fuyant sont dépossédés de l’action principale. L’ombre étendue du club d’un golfeur est mêlé à la lumière estivale. Ils semblent exister à la marge de leur propre histoire, dans un flottement. Ces songes du réel voient se mêler en même temps la dextérité et le lâché prise d’une touche picturale complexe où les passages du pinceau sont signifiés par les traces [&#8230;].</p>



<p class="has-text-align-right has-small-font-size"><br>Théo-Mario Coppola&nbsp;</p>
</div>
</div>

<p>Critical texts 2026· Paul Ardenne 2025· Thomas Delamarre 2024· Dominique Païni· Elsa Hougue 2023· Estelle Marois· Didier Semin· Marie Maertens· Marie de Brugerolle &amp; Anne Dary 2022· Guy Boyer· Benoit Blanchard &amp; Sarah Mercadante 2021· Joël Riff· Conversation— Jennifer Douzenel — M. Wallon· Horya Makhlouf 2020· Lignes Brèves 2019· Joël Riff· Entretien avec Karin Schlageter&#8230;</p>

<!-- This site is optimized with the Yoast SEO plugin v21.6 - https://yoast.com/wordpress/plugins/seo/ -->
<title>Text 2017, Théo-Mario Coppola - MARINE WALLON</title>
<meta name="robots" content="index, follow, max-snippet:-1, max-image-preview:large, max-video-preview:-1" />
<link rel="canonical" href="https://marinewallon.fr/?page_id=248" />
<meta property="og:locale" content="fr_FR" />
<meta property="og:type" content="article" />
<meta property="og:title" content="Text 2017, Théo-Mario Coppola - MARINE WALLON" />
<meta property="og:description" content="Critical texts 2026· Paul Ardenne 2025· Thomas Delamarre 2024· Dominique Païni· Elsa Hougue 2023· Estelle Marois· Didier Semin· Marie Maertens· Marie de Brugerolle &amp; Anne Dary 2022· Guy Boyer· Benoit Blanchard &amp; Sarah Mercadante 2021· Joël Riff· Conversation— Jennifer Douzenel — M. Wallon· Horya Makhlouf 2020· Lignes Brèves 2019· Joël Riff· Entretien avec Karin Schlageter..." />
<meta property="og:url" content="https://marinewallon.fr/?page_id=248" />
<meta property="og:site_name" content="MARINE WALLON" />
<meta property="article:modified_time" content="2026-03-17T08:55:22+00:00" />
<meta name="twitter:card" content="summary_large_image" />
<script type="application/ld+json" class="yoast-schema-graph">{"@context":"https://schema.org","@graph":[{"@type":"WebPage","@id":"https://marinewallon.fr/?page_id=248","url":"https://marinewallon.fr/?page_id=248","name":"Text 2017, Théo-Mario Coppola - MARINE WALLON","isPartOf":{"@id":"https://marinewallon.fr/#website"},"datePublished":"2023-09-12T21:19:22+00:00","dateModified":"2026-03-17T08:55:22+00:00","breadcrumb":{"@id":"https://marinewallon.fr/?page_id=248#breadcrumb"},"inLanguage":"fr-FR","potentialAction":[{"@type":"ReadAction","target":["https://marinewallon.fr/?page_id=248"]}]},{"@type":"BreadcrumbList","@id":"https://marinewallon.fr/?page_id=248#breadcrumb","itemListElement":[{"@type":"ListItem","position":1,"name":"Accueil","item":"https://marinewallon.fr/"},{"@type":"ListItem","position":2,"name":"Text 2017, Théo-Mario Coppola"}]},{"@type":"WebSite","@id":"https://marinewallon.fr/#website","url":"https://marinewallon.fr/","name":"MARINE WALLON","description":"","alternateName":"marinewallon","potentialAction":[{"@type":"SearchAction","target":{"@type":"EntryPoint","urlTemplate":"https://marinewallon.fr/?s={search_term_string}"},"query-input":"required name=search_term_string"}],"inLanguage":"fr-FR"}]}</script>
<!-- / Yoast SEO plugin. -->

Text 2017, Théo-Mario Coppola - MARINE WALLON

Critical texts 2026· Paul Ardenne 2025· Thomas Delamarre 2024· Dominique Païni· Elsa Hougue 2023· Estelle Marois· Didier Semin· Marie Maertens· Marie de Brugerolle &amp; Anne Dary 2022· Guy Boyer· Benoit Blanchard &amp; Sarah Mercadante 2021· Joël Riff· Conversation— Jennifer Douzenel — M. Wallon· Horya Makhlouf 2020· Lignes Brèves 2019· Joël Riff· Entretien avec Karin Schlageter...
